{"id":2277,"date":"2013-04-04T14:32:36","date_gmt":"2013-04-04T21:32:36","guid":{"rendered":"https:\/\/climatepolicyinitiative.org\/?post_type=cpi_events&#038;p=2277"},"modified":"2014-07-08T22:48:52","modified_gmt":"2014-07-08T22:48:52","slug":"video-portuguese-juliano-assuncao-lectures-at-museu-do-meio-ambiente","status":"publish","type":"cpi_events","link":"https:\/\/www.climatepolicyinitiative.org\/id\/event\/video-portuguese-juliano-assuncao-lectures-at-museu-do-meio-ambiente\/","title":{"rendered":"Video (Portuguese): Juliano Assun\u00e7\u00e3o Lectures at Museu do Meio-Ambiente"},"content":{"rendered":"<p>On April 2, 2013, Juliano Assun\u00e7\u00e3o, Director of Climate Policy Initiative in Brazil, presented at Museu do Meio-Ambiente (Environment Museum) at Jardim Bot\u00e2nico do Rio de Janeiro. His presentation covered how Brazilian policy affects deforestation in the Amazon region.<\/p>\n<p>While the lecture is in Portuguese, more information about CPI\u2019s work in Brazil is <a href=\"https:\/\/climatepolicyinitiative.org\/brazil\/\">available in English<\/a>.<\/p>\n<p><iframe loading=\"lazy\" style=\"border: 0; outline: 0;\" src=\"http:\/\/cdn.livestream.com\/embed\/museumeioambiente?layout=4&amp;clip=pla_f61f5ef6-09d9-4160-8ff8-831f0ec1fb5d&amp;height=340&amp;width=560&amp;autoplay=false\" height=\"340\" width=\"560\" frameborder=\"0\" scrolling=\"no\"><\/iframe><\/p>\n","protected":false},"excerpt":{"rendered":"<p>On April 2, 2013, Juliano Assun\u00e7\u00e3o, Director of Climate Policy Initiative in Brazil, presented at Museu do Meio-Ambiente (Environment Museum) at Jardim Bot\u00e2nico do Rio de Janeiro. His presentation covered how Brazilian policy affects deforestation in the Amazon region. While the lecture is in Portuguese, more information about CPI\u2019s work in Brazil is available in [&hellip;]<\/p>\n","protected":false},"featured_media":0,"menu_order":0,"template":"","format":"standard","meta":{"_acf_changed":false},"programs":[],"regions":[353],"topics":[481],"collaborations":[],"class_list":["post-2277","cpi_events","type-cpi_events","status-publish","format-standard","hentry","regions-brazil","topics-land-use"],"acf":[],"yoast_head":"<!-- This site is optimized with the Yoast SEO plugin v27.3 - https:\/\/yoast.com\/product\/yoast-seo-wordpress\/ -->\n<title>Video (Portuguese): Juliano Assun\u00e7\u00e3o Lectures at Museu do Meio-Ambiente - CPI<\/title>\n<meta name=\"robots\" content=\"index, follow, max-snippet:-1, max-image-preview:large, max-video-preview:-1\" \/>\n<link rel=\"canonical\" href=\"https:\/\/www.climatepolicyinitiative.org\/event\/video-portuguese-juliano-assuncao-lectures-at-museu-do-meio-ambiente\/\" \/>\n<meta property=\"og:locale\" content=\"id_ID\" \/>\n<meta property=\"og:type\" content=\"article\" \/>\n<meta property=\"og:title\" content=\"Video (Portuguese): Juliano Assun\u00e7\u00e3o Lectures at Museu do Meio-Ambiente - CPI\" \/>\n<meta property=\"og:description\" content=\"On April 2, 2013, Juliano Assun\u00e7\u00e3o, Director of Climate Policy Initiative in Brazil, presented at Museu do Meio-Ambiente (Environment Museum) at Jardim Bot\u00e2nico do Rio de Janeiro. His presentation covered how Brazilian policy affects deforestation in the Amazon region. While the lecture is in Portuguese, more information about CPI\u2019s work in Brazil is available in [&hellip;]\" \/>\n<meta property=\"og:url\" content=\"https:\/\/www.climatepolicyinitiative.org\/event\/video-portuguese-juliano-assuncao-lectures-at-museu-do-meio-ambiente\/\" \/>\n<meta property=\"og:site_name\" content=\"CPI\" \/>\n<meta property=\"article:publisher\" content=\"https:\/\/www.facebook.com\/ClimatePolicyInitiative\" \/>\n<meta property=\"article:modified_time\" content=\"2014-07-08T22:48:52+00:00\" \/>\n<meta name=\"twitter:card\" content=\"summary_large_image\" \/>\n<meta name=\"twitter:site\" content=\"@climatepolicy\" \/>\n<script type=\"application\/ld+json\" class=\"yoast-schema-graph\">{\"@context\":\"https:\\\/\\\/schema.org\",\"@graph\":[{\"@type\":\"WebPage\",\"@id\":\"https:\\\/\\\/www.climatepolicyinitiative.org\\\/event\\\/video-portuguese-juliano-assuncao-lectures-at-museu-do-meio-ambiente\\\/\",\"url\":\"https:\\\/\\\/www.climatepolicyinitiative.org\\\/event\\\/video-portuguese-juliano-assuncao-lectures-at-museu-do-meio-ambiente\\\/\",\"name\":\"Video (Portuguese): Juliano Assun\u00e7\u00e3o Lectures at Museu do Meio-Ambiente - CPI\",\"isPartOf\":{\"@id\":\"https:\\\/\\\/www.climatepolicyinitiative.org\\\/pt-br\\\/#website\"},\"datePublished\":\"2013-04-04T21:32:36+00:00\",\"dateModified\":\"2014-07-08T22:48:52+00:00\",\"breadcrumb\":{\"@id\":\"https:\\\/\\\/www.climatepolicyinitiative.org\\\/event\\\/video-portuguese-juliano-assuncao-lectures-at-museu-do-meio-ambiente\\\/#breadcrumb\"},\"inLanguage\":\"id\",\"potentialAction\":[{\"@type\":\"ReadAction\",\"target\":[\"https:\\\/\\\/www.climatepolicyinitiative.org\\\/event\\\/video-portuguese-juliano-assuncao-lectures-at-museu-do-meio-ambiente\\\/\"]}]},{\"@type\":\"BreadcrumbList\",\"@id\":\"https:\\\/\\\/www.climatepolicyinitiative.org\\\/event\\\/video-portuguese-juliano-assuncao-lectures-at-museu-do-meio-ambiente\\\/#breadcrumb\",\"itemListElement\":[{\"@type\":\"ListItem\",\"position\":1,\"name\":\"Home\",\"item\":\"https:\\\/\\\/www.climatepolicyinitiative.org\\\/id\\\/\"},{\"@type\":\"ListItem\",\"position\":2,\"name\":\"Events\",\"item\":\"https:\\\/\\\/www.climatepolicyinitiative.org\\\/event\\\/\"},{\"@type\":\"ListItem\",\"position\":3,\"name\":\"Video (Portuguese): Juliano Assun\u00e7\u00e3o Lectures at Museu do Meio-Ambiente\"}]},{\"@type\":\"WebSite\",\"@id\":\"https:\\\/\\\/www.climatepolicyinitiative.org\\\/pt-br\\\/#website\",\"url\":\"https:\\\/\\\/www.climatepolicyinitiative.org\\\/pt-br\\\/\",\"name\":\"CPI\",\"description\":\"Climate Policy Initiative works to improve the most important energy and land use policies around the world, with a particular focus on finance.\",\"publisher\":{\"@id\":\"https:\\\/\\\/www.climatepolicyinitiative.org\\\/pt-br\\\/#organization\"},\"potentialAction\":[{\"@type\":\"SearchAction\",\"target\":{\"@type\":\"EntryPoint\",\"urlTemplate\":\"https:\\\/\\\/www.climatepolicyinitiative.org\\\/pt-br\\\/?s={search_term_string}\"},\"query-input\":{\"@type\":\"PropertyValueSpecification\",\"valueRequired\":true,\"valueName\":\"search_term_string\"}}],\"inLanguage\":\"id\"},{\"@type\":\"Organization\",\"@id\":\"https:\\\/\\\/www.climatepolicyinitiative.org\\\/pt-br\\\/#organization\",\"name\":\"Climate Policy Initiative\",\"url\":\"https:\\\/\\\/www.climatepolicyinitiative.org\\\/pt-br\\\/\",\"logo\":{\"@type\":\"ImageObject\",\"inLanguage\":\"id\",\"@id\":\"https:\\\/\\\/www.climatepolicyinitiative.org\\\/pt-br\\\/#\\\/schema\\\/logo\\\/image\\\/\",\"url\":\"https:\\\/\\\/www.climatepolicyinitiative.org\\\/wp-content\\\/uploads\\\/2021\\\/07\\\/CPI_logo_cmyk_transparent.png\",\"contentUrl\":\"https:\\\/\\\/www.climatepolicyinitiative.org\\\/wp-content\\\/uploads\\\/2021\\\/07\\\/CPI_logo_cmyk_transparent.png\",\"width\":1728,\"height\":720,\"caption\":\"Climate Policy Initiative\"},\"image\":{\"@id\":\"https:\\\/\\\/www.climatepolicyinitiative.org\\\/pt-br\\\/#\\\/schema\\\/logo\\\/image\\\/\"},\"sameAs\":[\"https:\\\/\\\/www.facebook.com\\\/ClimatePolicyInitiative\",\"https:\\\/\\\/x.com\\\/climatepolicy\",\"https:\\\/\\\/www.linkedin.com\\\/company\\\/climate-policy-initiative\\\/?lipi=urn:li:page:d_flagship3_search_srp_all;GvyQ8DliSYaW9eZhdq8RBQ==\",\"https:\\\/\\\/www.youtube.com\\\/channel\\\/UCE8V0iDgBU8mreZdBegVCcA\",\"https:\\\/\\\/en.wikipedia.org\\\/wiki\\\/Climate_Policy_Initiative\"]}]}<\/script>\n<!-- \/ Yoast SEO plugin. -->","yoast_head_json":{"title":"Video (Portuguese): Juliano Assun\u00e7\u00e3o Lectures at Museu do Meio-Ambiente - CPI","robots":{"index":"index","follow":"follow","max-snippet":"max-snippet:-1","max-image-preview":"max-image-preview:large","max-video-preview":"max-video-preview:-1"},"canonical":"https:\/\/www.climatepolicyinitiative.org\/event\/video-portuguese-juliano-assuncao-lectures-at-museu-do-meio-ambiente\/","og_locale":"id_ID","og_type":"article","og_title":"Video (Portuguese): Juliano Assun\u00e7\u00e3o Lectures at Museu do Meio-Ambiente - CPI","og_description":"On April 2, 2013, Juliano Assun\u00e7\u00e3o, Director of Climate Policy Initiative in Brazil, presented at Museu do Meio-Ambiente (Environment Museum) at Jardim Bot\u00e2nico do Rio de Janeiro. His presentation covered how Brazilian policy affects deforestation in the Amazon region. While the lecture is in Portuguese, more information about CPI\u2019s work in Brazil is available in [&hellip;]","og_url":"https:\/\/www.climatepolicyinitiative.org\/event\/video-portuguese-juliano-assuncao-lectures-at-museu-do-meio-ambiente\/","og_site_name":"CPI","article_publisher":"https:\/\/www.facebook.com\/ClimatePolicyInitiative","article_modified_time":"2014-07-08T22:48:52+00:00","twitter_card":"summary_large_image","twitter_site":"@climatepolicy","schema":{"@context":"https:\/\/schema.org","@graph":[{"@type":"WebPage","@id":"https:\/\/www.climatepolicyinitiative.org\/event\/video-portuguese-juliano-assuncao-lectures-at-museu-do-meio-ambiente\/","url":"https:\/\/www.climatepolicyinitiative.org\/event\/video-portuguese-juliano-assuncao-lectures-at-museu-do-meio-ambiente\/","name":"Video (Portuguese): Juliano Assun\u00e7\u00e3o Lectures at Museu do Meio-Ambiente - CPI","isPartOf":{"@id":"https:\/\/www.climatepolicyinitiative.org\/pt-br\/#website"},"datePublished":"2013-04-04T21:32:36+00:00","dateModified":"2014-07-08T22:48:52+00:00","breadcrumb":{"@id":"https:\/\/www.climatepolicyinitiative.org\/event\/video-portuguese-juliano-assuncao-lectures-at-museu-do-meio-ambiente\/#breadcrumb"},"inLanguage":"id","potentialAction":[{"@type":"ReadAction","target":["https:\/\/www.climatepolicyinitiative.org\/event\/video-portuguese-juliano-assuncao-lectures-at-museu-do-meio-ambiente\/"]}]},{"@type":"BreadcrumbList","@id":"https:\/\/www.climatepolicyinitiative.org\/event\/video-portuguese-juliano-assuncao-lectures-at-museu-do-meio-ambiente\/#breadcrumb","itemListElement":[{"@type":"ListItem","position":1,"name":"Home","item":"https:\/\/www.climatepolicyinitiative.org\/id\/"},{"@type":"ListItem","position":2,"name":"Events","item":"https:\/\/www.climatepolicyinitiative.org\/event\/"},{"@type":"ListItem","position":3,"name":"Video (Portuguese): Juliano Assun\u00e7\u00e3o Lectures at Museu do Meio-Ambiente"}]},{"@type":"WebSite","@id":"https:\/\/www.climatepolicyinitiative.org\/pt-br\/#website","url":"https:\/\/www.climatepolicyinitiative.org\/pt-br\/","name":"CPI","description":"Climate Policy Initiative works to improve the most important energy and land use policies around the world, with a particular focus on finance.","publisher":{"@id":"https:\/\/www.climatepolicyinitiative.org\/pt-br\/#organization"},"potentialAction":[{"@type":"SearchAction","target":{"@type":"EntryPoint","urlTemplate":"https:\/\/www.climatepolicyinitiative.org\/pt-br\/?s={search_term_string}"},"query-input":{"@type":"PropertyValueSpecification","valueRequired":true,"valueName":"search_term_string"}}],"inLanguage":"id"},{"@type":"Organization","@id":"https:\/\/www.climatepolicyinitiative.org\/pt-br\/#organization","name":"Climate Policy Initiative","url":"https:\/\/www.climatepolicyinitiative.org\/pt-br\/","logo":{"@type":"ImageObject","inLanguage":"id","@id":"https:\/\/www.climatepolicyinitiative.org\/pt-br\/#\/schema\/logo\/image\/","url":"https:\/\/www.climatepolicyinitiative.org\/wp-content\/uploads\/2021\/07\/CPI_logo_cmyk_transparent.png","contentUrl":"https:\/\/www.climatepolicyinitiative.org\/wp-content\/uploads\/2021\/07\/CPI_logo_cmyk_transparent.png","width":1728,"height":720,"caption":"Climate Policy Initiative"},"image":{"@id":"https:\/\/www.climatepolicyinitiative.org\/pt-br\/#\/schema\/logo\/image\/"},"sameAs":["https:\/\/www.facebook.com\/ClimatePolicyInitiative","https:\/\/x.com\/climatepolicy","https:\/\/www.linkedin.com\/company\/climate-policy-initiative\/?lipi=urn:li:page:d_flagship3_search_srp_all;GvyQ8DliSYaW9eZhdq8RBQ==","https:\/\/www.youtube.com\/channel\/UCE8V0iDgBU8mreZdBegVCcA","https:\/\/en.wikipedia.org\/wiki\/Climate_Policy_Initiative"]}]}},"_links":{"self":[{"href":"https:\/\/www.climatepolicyinitiative.org\/id\/wp-json\/wp\/v2\/cpi_events\/2277","targetHints":{"allow":["GET"]}}],"collection":[{"href":"https:\/\/www.climatepolicyinitiative.org\/id\/wp-json\/wp\/v2\/cpi_events"}],"about":[{"href":"https:\/\/www.climatepolicyinitiative.org\/id\/wp-json\/wp\/v2\/types\/cpi_events"}],"wp:attachment":[{"href":"https:\/\/www.climatepolicyinitiative.org\/id\/wp-json\/wp\/v2\/media?parent=2277"}],"wp:term":[{"taxonomy":"programs","embeddable":true,"href":"https:\/\/www.climatepolicyinitiative.org\/id\/wp-json\/wp\/v2\/programs?post=2277"},{"taxonomy":"regions","embeddable":true,"href":"https:\/\/www.climatepolicyinitiative.org\/id\/wp-json\/wp\/v2\/regions?post=2277"},{"taxonomy":"topics","embeddable":true,"href":"https:\/\/www.climatepolicyinitiative.org\/id\/wp-json\/wp\/v2\/topics?post=2277"},{"taxonomy":"collaborations","embeddable":true,"href":"https:\/\/www.climatepolicyinitiative.org\/id\/wp-json\/wp\/v2\/collaborations?post=2277"}],"curies":[{"name":"wp","href":"https:\/\/api.w.org\/{rel}","templated":true}]}}

Video (Portuguese): Juliano Assunção Lectures at Museu do Meio-Ambiente

<p>On April 2, 2013, Juliano Assunção, Director of Climate Policy Initiative in Brazil, presented at Museu do Meio-Ambiente (Environment Museum) at Jardim Botânico do Rio de Janeiro. His presentation covered how Brazilian policy affects deforestation in the Amazon region.</p>
<p>While the lecture is in Portuguese, more information about CPI’s work in Brazil is <a href="https://climatepolicyinitiative.org/brazil/">available in English</a>.</p>
<p><iframe loading="lazy" style="border: 0; outline: 0;" src="http://cdn.livestream.com/embed/museumeioambiente?layout=4&amp;clip=pla_f61f5ef6-09d9-4160-8ff8-831f0ec1fb5d&amp;height=340&amp;width=560&amp;autoplay=false" height="340" width="560" frameborder="0" scrolling="no"></iframe></p>

<p>On April 2, 2013, Juliano Assunção, Director of Climate Policy Initiative in Brazil, presented at Museu do Meio-Ambiente (Environment Museum) at Jardim Botânico do Rio de Janeiro. His presentation covered how Brazilian policy affects deforestation in the Amazon region. While the lecture is in Portuguese, more information about CPI’s work in Brazil is available in [&hellip;]</p>

<!-- This site is optimized with the Yoast SEO plugin v27.3 - https://yoast.com/product/yoast-seo-wordpress/ -->
<title>Video (Portuguese): Juliano Assunção Lectures at Museu do Meio-Ambiente - CPI</title>
<meta name="robots" content="index, follow, max-snippet:-1, max-image-preview:large, max-video-preview:-1" />
<link rel="canonical" href="https://www.climatepolicyinitiative.org/event/video-portuguese-juliano-assuncao-lectures-at-museu-do-meio-ambiente/" />
<meta property="og:locale" content="id_ID" />
<meta property="og:type" content="article" />
<meta property="og:title" content="Video (Portuguese): Juliano Assunção Lectures at Museu do Meio-Ambiente - CPI" />
<meta property="og:description" content="On April 2, 2013, Juliano Assunção, Director of Climate Policy Initiative in Brazil, presented at Museu do Meio-Ambiente (Environment Museum) at Jardim Botânico do Rio de Janeiro. His presentation covered how Brazilian policy affects deforestation in the Amazon region. While the lecture is in Portuguese, more information about CPI’s work in Brazil is available in [&hellip;]" />
<meta property="og:url" content="https://www.climatepolicyinitiative.org/event/video-portuguese-juliano-assuncao-lectures-at-museu-do-meio-ambiente/" />
<meta property="og:site_name" content="CPI" />
<meta property="article:publisher" content="https://www.facebook.com/ClimatePolicyInitiative" />
<meta property="article:modified_time" content="2014-07-08T22:48:52+00:00" />
<meta name="twitter:card" content="summary_large_image" />
<meta name="twitter:site" content="@climatepolicy" />
<script type="application/ld+json" class="yoast-schema-graph">{"@context":"https:\/\/schema.org","@graph":[{"@type":"WebPage","@id":"https:\/\/www.climatepolicyinitiative.org\/event\/video-portuguese-juliano-assuncao-lectures-at-museu-do-meio-ambiente\/","url":"https:\/\/www.climatepolicyinitiative.org\/event\/video-portuguese-juliano-assuncao-lectures-at-museu-do-meio-ambiente\/","name":"Video (Portuguese): Juliano Assunção Lectures at Museu do Meio-Ambiente - CPI","isPartOf":{"@id":"https:\/\/www.climatepolicyinitiative.org\/pt-br\/#website"},"datePublished":"2013-04-04T21:32:36+00:00","dateModified":"2014-07-08T22:48:52+00:00","breadcrumb":{"@id":"https:\/\/www.climatepolicyinitiative.org\/event\/video-portuguese-juliano-assuncao-lectures-at-museu-do-meio-ambiente\/#breadcrumb"},"inLanguage":"id","potentialAction":[{"@type":"ReadAction","target":["https:\/\/www.climatepolicyinitiative.org\/event\/video-portuguese-juliano-assuncao-lectures-at-museu-do-meio-ambiente\/"]}]},{"@type":"BreadcrumbList","@id":"https:\/\/www.climatepolicyinitiative.org\/event\/video-portuguese-juliano-assuncao-lectures-at-museu-do-meio-ambiente\/#breadcrumb","itemListElement":[{"@type":"ListItem","position":1,"name":"Home","item":"https:\/\/www.climatepolicyinitiative.org\/id\/"},{"@type":"ListItem","position":2,"name":"Events","item":"https:\/\/www.climatepolicyinitiative.org\/event\/"},{"@type":"ListItem","position":3,"name":"Video (Portuguese): Juliano Assunção Lectures at Museu do Meio-Ambiente"}]},{"@type":"WebSite","@id":"https:\/\/www.climatepolicyinitiative.org\/pt-br\/#website","url":"https:\/\/www.climatepolicyinitiative.org\/pt-br\/","name":"CPI","description":"Climate Policy Initiative works to improve the most important energy and land use policies around the world, with a particular focus on finance.","publisher":{"@id":"https:\/\/www.climatepolicyinitiative.org\/pt-br\/#organization"},"potentialAction":[{"@type":"SearchAction","target":{"@type":"EntryPoint","urlTemplate":"https:\/\/www.climatepolicyinitiative.org\/pt-br\/?s={search_term_string}"},"query-input":{"@type":"PropertyValueSpecification","valueRequired":true,"valueName":"search_term_string"}}],"inLanguage":"id"},{"@type":"Organization","@id":"https:\/\/www.climatepolicyinitiative.org\/pt-br\/#organization","name":"Climate Policy Initiative","url":"https:\/\/www.climatepolicyinitiative.org\/pt-br\/","logo":{"@type":"ImageObject","inLanguage":"id","@id":"https:\/\/www.climatepolicyinitiative.org\/pt-br\/#\/schema\/logo\/image\/","url":"https:\/\/www.climatepolicyinitiative.org\/wp-content\/uploads\/2021\/07\/CPI_logo_cmyk_transparent.png","contentUrl":"https:\/\/www.climatepolicyinitiative.org\/wp-content\/uploads\/2021\/07\/CPI_logo_cmyk_transparent.png","width":1728,"height":720,"caption":"Climate Policy Initiative"},"image":{"@id":"https:\/\/www.climatepolicyinitiative.org\/pt-br\/#\/schema\/logo\/image\/"},"sameAs":["https:\/\/www.facebook.com\/ClimatePolicyInitiative","https:\/\/x.com\/climatepolicy","https:\/\/www.linkedin.com\/company\/climate-policy-initiative\/?lipi=urn:li:page:d_flagship3_search_srp_all;GvyQ8DliSYaW9eZhdq8RBQ==","https:\/\/www.youtube.com\/channel\/UCE8V0iDgBU8mreZdBegVCcA","https:\/\/en.wikipedia.org\/wiki\/Climate_Policy_Initiative"]}]}</script>
<!-- / Yoast SEO plugin. -->

Video (Portuguese): Juliano Assunção Lectures at Museu do Meio-Ambiente - CPI

On April 2, 2013, Juliano Assunção, Director of Climate Policy Initiative in Brazil, presented at Museu do Meio-Ambiente (Environment Museum) at Jardim Botânico do Rio de Janeiro. His presentation covered how Brazilian policy affects deforestation in the Amazon region. While the lecture is in Portuguese, more information about CPI’s work in Brazil is available in [&hellip;]
